) = 3*v**2 - 50*v + 7. Let x(j) = -j**2 + 18*j - 2. Let c(q) = -2*w(q) - 7*x(q). Give c(26).
0
Let r(f) be the second derivative of -1/2*f**2 + 1/3*f**3 - 1/4*f**4 + 2*f + 18 + 1/10*f**5. Determine r(2).
7
Let y(a) be the second derivative of -a**4/12 - 17*a**3/6 - 33*a**2 - 17*a + 2. Give y(-12).
-6
Let r(h) = 15 - 6 + 8 + 28 + 7*h - 76. Calculate r(-8).
-87
Let s(p) be the third derivative of -p**6/120 - 2*p**5/5 - 19*p**4/24 + 44*p**3/3 - 26*p**2 - 80. What is s(-23)?
-4
Suppose 22*g - 21*g = -2. Let i be ((-54)/(-20) - 2/10)*g. Let p(o) = -o - 2. Calculate p(i).
3
Let y(o) = o**3 + 5*o**2 + 5*o + 3. Suppose 14*b = -4762 + 198. Let d = b - -322. What is y(d)?
-1
Let z(j) = -3*j + 16. Suppose 0 = i - 3*i + 2*p + 30, -3*i + 37 = 5*p. Determine z(i).
-26
Let o(t) = 2*t**2 - 77*t + 725. Let g be o(18). Let i(n) = n**2 + 12*n - 24. Calculate i(g).
-11
Suppose 214 = 2*b + 3*f, 0 = 5*b + 4*f - f - 553. Suppose 7*q + b = 204. Let s(j) = j**2 - 14*j. Give s(q).
-13
Let d(n) = -6*n**2 - 1108*n**3 + 625*n**3 + 482*n**3 - 3*n + 8. What is d(-6)?
26
Let l = -28 - -31. Let z(s) = -197 + 392 - s**2 - 192 + s. Give z(l).
-3
Let i(k) be the first derivative of 1/4*k**4 - k + 33 - 5/3*k**3 - 3/2*k**2. Suppose -15 = -3*y + 3. Calculate i(y).
17
Suppose 12*z - 293 = -53. Suppose -7*n + 12*n = -z. Let l(r) = -6*r - 6. Give l(n).
18
Let l(b) = 7*b**3 - 13*b**2 - 13*b + 6. Let p(q) = -4*q**3 + 7*q**2 + 7*q - 5. Let o(t) = 3*l(t) + 5*p(t). Let k be 10 - 2 - 2 - 1. Give o(k).
-2
Suppose -7*u = 190 - 190. Let s(p) = 3*p**2 - 13 + p - p**2 + p**2 - 4*p**2. Calculate s(u).
-13
Let j(v) = -3*v**3 + 6*v**2 + 3*v - 3. Let g be j(2). Suppose -q + 19 - 14 = u, g*u = 2*q + 5. Let s(t) = -5*t - 5. What is s(u)?
-20
Let n be (0/7)/(-5) + (-6)/(-2). Let s(p) be the first derivative of -6*p + 1/4*p**4 + 2 + n*p**2 - 5/3*p**3. Calculate s(4).
2
Let t(v) = -41*v - 8. Let h(l) = 1412*l + 8473. Let q be h(-6). Determine t(q).
-49
Suppose 0 = 17*v - 20*v + 18. Let i(x) = -19*x + 42. Let l(s) = -12*s + 27. Let y(z) = 5*i(z) - 8*l(z). Calculate y(v).
0
Let m(g) = -g + 5477*g**3 - 2832*g**3 + 1 - 1 - 2637*g**3. Let o = -2 + 3. Calculate m(o).
7
Let w(n) = 11*n**3 + n**2 - 6*n. Let g(l) = -4*l**3 - l**2 + 3*l. Let q(k) = -3*g(k) - w(k). Let h(i) = -i**2 - 3*i**3 - 1 + 1. Let z be h(1). Give q(z).
-20
Suppose 0 = 4*n - 21 + 13. Let l be 1*n/4*-10 + 1. Let m(y) = -1 - y**3 - 5*y**2 - 2 - 2*y - 4*y. What is m(l)?
5
Let i(o) be the second derivative of -o**3/3 - 4*o**2 + 23*o. Let h(x) = x**3 - 9*x**2 + 13*x - 47. Let z be h(8). What is i(z)?
6
Let k(f) be the first derivative of 5 + 1/3*f**3 + 2*f**2 - 6*f. Let q = -762 - -757. Give k(q).
-1
Let r(u) be the second derivative of -u**6/144 - u**5/30 - 7*u**4 + 40*u. Let i(k) be the third derivative of r(k). Calculate i(-3).
11
Let l(s) be the second derivative of -s**5/10 - s**4/12 + s**3/2 + 2*s**2 - 3228*s. Give l(-3).
40
Let b(k) be the first derivative of -k**2 + 3*k - 33368. Suppose 3 = -v, -2*w - 5*v + 9 = 2*w. Let d = w - 3. Give b(d).
-3
Let j(y) be the second derivative of -y**3/6 + 47*y. Let b(f) = 2*f - 33. Let v be b(19). Give j(v).
-5
Let l = 187 + -109. Let r(y) = l*y + 80*y - 4*y**2 - 157*y. Determine r(-1).
-5
Let q(a) be the second derivative of 1/12*a**4 + 5/2*a**2 + 57*a + 0 - 7/6*a**3. Calculate q(5).
-5
Suppose -4*t - 30 = -9*t - q, 3*t + 5*q = 40. Suppose 3*o = 6*v - v + 36, 4*v + 48 = 4*o. Let x(i) = -3*i - 5 + i + o. Calculate x(t).
-3
Let b(c) = 2*c**2 + 4*c + 2. Let y = 277 + -274. Suppose -a - n = y, 8*a - 13 = 10*a - 5*n. Determine b(a).
18
Suppose -5*v + 20 = -5*r - 0*r, 0 = -5*v + 3*r + 16. Let o(x) be the first derivative of 54 + 2*x + 1/2*x**2 - 1/3*x**3. Determine o(v).
0
Suppose -4*w = -21 + 1. Let t be (9 - 7 - w)/(1 - 0). Let n(j) = 5 - 5 - 3 - 3*j. What is n(t)?
6
Let v(t) = -911 + 6*t + 1795 - 907 - 8*t. Give v(-9).
-5
Let q(i) be the third derivative of i**6/120 - 2*i**5/15 - 23*i**4/24 + 14*i**3/3 - 2*i**2 - 479. What is q(10)?
-2
Let u(j) = 4*j**3 - 7*j**2 + 8*j - 34. Let o(t) = -3*t**3 + 8*t**2 - 10*t + 36. Let x(z) = 3*o(z) + 2*u(z). Determine x(9).
-5
Let u(g) = 5*g**2 + g + 1. Let j be (-1)/(-3)*27*37. Let h = -334 + j. Determine u(h).
5
Let z(t) be the first derivative of t**6/120 - t**5/12 + t**4/24 - 2*t**3/3 + 53*t**2/2 - 155. Let m(v) be the second derivative of z(v). Give m(4).
-16
Let y(q) = -q**2 - 5*q + 3. Let j(w) = 3*w - 2. Let m be j(3). Suppose -3*o = -o - v - 5, 4*v = 12. Suppose 5*x + o*d - 2 = -m, -2*d + 25 = -3*x. What is y(x)?
3
Suppose -5*m - 13 - 17 = 0, 2*m + 14 = -2*v. Let a(k) = 76*k**3 + 2*k**2 + 2*k + 1. What is a(v)?
-75
Let h(s) = s - 34. Let y = 22567 - 22573. Give h(y).
-40
Suppose -2*m = -m - 2. Let t(h) = 5*h - h**m + h**3 - 2*h**2 + 1 - 2*h**2. Let k = 469631 - 469627. What is t(k)?
5
Let y = 61 - 58. Suppose y*t - 5 = 7. Let x be (t - 1) + 16/(-2). Let l(m) = m + 12. Determine l(x).
7
Let y(v) = -v**2 - 6*v - 3. Let z be y(-5). Let m(g) = -3*g**z + 4 + 4 - 6*g - 1 + 4*g**2. Let r = 389 - 383. Calculate m(r).
7
Let c = 258 + -249. Suppose -v = 3*m - 4 - c, -3*v - 6 = 0. Let i(y) = -y**2 + y + 1. Let k(h) = -6*h**2 + 12*h + 3. Let r(g) = -5*i(g) + k(g). Calculate r(m).
8
Let j = 3 - -3. Suppose 0 = -7*w + 3008 - 2959. Let k(h) = j + h - w*h + 4*h + 0*h. Determine k(5).
-4
Let q(r) = -3*r + 0*r - 4*r + r**2 - 4 + 4*r. Let j(y) = y - 170. Let v be j(0). Let n be 4 - (3/7 + v/70). What is q(n)?
14
Let b(q) = q**2 - 17*q + 26. Suppose -333*a + 328*a + 80 = 0. What is b(a)?
10
Let k(w) = 61*w - 18*w - w**3 + 22 + 6*w**2 - 12*w - 27*w. Let y be k(7). Let g(s) = 37*s**3 + s - 1. Give g(y).
37
Let f(w) = -20*w - 75. Let o(u) = -10*u - 43. Let p(h) = -4*f(h) + 7*o(h). Let t(q) = -q**2 - 10*q - 10. Let s be t(-9). Determine p(s).
-11
Let t = 0 + -5. Suppose -13*y = -15*y + 6. Let o(q) = -y*q**2 - 3*q + 2*q**2 + 7 - 2. What is o(t)?
-5
Let k(s) = -12*s + 35. Let q = -49409 + 49414. What is k(q)?
-25
Suppose 5*z + h = 28179, 5*h = -15*z + 16*z - 5641. Let c(u) = -8*u**2 + z*u**3 - 8*u - 1 + 5 - 5637*u**3 - 1. Calculate c(-7).
10
Suppose -3*j = w - 5*w - 4, 4*w - j - 4 = 0. Let d(p) = -7*p - 438*p**2 + 876*p**2 - 439*p**2 + w. Determine d(-7).
2
Let i(o) = 2*o - 27. Let b(y) = 8*y - 126. Let p(v) = 2*b(v) - 9*i(v). Determine p(7).
-23
Let m(f) = 1578*f - 11050. Let t be m(7). Let g(l) = l**3 - 5*l**2 - 6*l + 4. Give g(t).
-116
Suppose 5*n + 10 = -2*l - 5, n - 4*l + 25 = 0. Let p(f) = -11*f - 50. Calculate p(n).
5
Suppose -80 = 7*f - 241. Suppose 5*d + 2*p = f, 5*d = 3*p + 4 - 1. Suppose d*l - 3 = 3*s, 5*s = 5*l + 2*s - 11. Let j(x) = -x**2 + 5. What is j(l)?
-11
Let c(n) be the first derivative of 3*n**4/4 - 26*n**3 + 44*n - 191. Let g(b) = -b**3 + 27*b**2 - 15. Let m(l) = -6*c(l) - 17*g(l). What is m(9)?
-9
Let k(i) = -i**3 + 4*i**2 + 12*i + 2. Let o(h) = -h**2 + 45*h - 391. Let q be o(33). Calculate k(q).
37
Suppose 3*z = q + 16, -175*q - 5*z + 28 = -178*q. Let v(c) = 91*c + 92. Give v(q).
1
Let r(s) = s**3 + 2*s**2 - 13*s + 2. Let y = 5911 + -5916. Determine r(y).
-8
Let p(w) be the second derivative of w**5/20 + 7*w**4/6 - 7*w**3/3 + 21*w**2/2 - 977*w. Give p(-15).
6
Let r be (60/(-70))/(20/210). Suppose 3*u - 8 = -4*v, 2*u - 3*u = -2*v + 4. Let w(b) = b + 1 + v + 0*b + 0. What is w(r)?
-6
Let x(j) = 4*j - 1. Let q(d) = -d**2 - 6*d + 8. Let n be q(-6). Let u = -6 + n. Suppose 0 = u*l + 15 - 19. Calculate x(l).
7
Suppose -4*x - 5*p = -3, 4 = 3*x - 0*x + 2*p. Let q(z) = -3*z - 2. Let o be q(-2). Let v(w) = 8 - o*w - x + 0 - 3. Give v(5).
-17
Let g be (9 - 3/(-3))/(3 + -1). Suppose 0 = g*v - 3*v - 6, v + 2 = 5*x. Let b(k) = -k - 5. Let t(a) = a - 1. Let r(q) = x*b(q) - 4*t(q). Calculate r(1).
-6
Let q = -11 + -5. Let c = 11 + q. Let j(z) = -z**3 - 5*z**2 - 4*z - 5. Give j(c).
15
Let s = 34971 + -34968. Let a(y) be the third derivative of -10*y**2 + 1/8*y**4 + 0*y + 1/2*y**s + 0. Determine a(-3).
-6
Let n(f) be the third derivative of -f**5/60 + f**4/24 - f**3 - 2*f**2. Let h be (1 - -1) + -1*26/13. Give n(h).
-6
Let g(v) = v**3 + 5*v**2 - 5*v + 8. Let r(y) = -2*y**2 + 12*y + 11. Let w be r(8). Let f = w - -21. Suppose f = -2*z - 15 + 3. Give g(z).
2
Let j(b) = 68 - 5828*b + 2914*b + 2921*b. What is j(-14)?
-30
Suppose 5*n - v = n - 28, -21 = 3*n - 3*v. Let y(i) = -9*i - 29.